of k?
2, 97
Let y(m) = m**2 - 11*m - 18. What are the prime factors of y(24)?
2, 3, 7
Let p be (-2 - -4 - -1) + 12. Let f = 6 + p. List the prime factors of f.
3, 7
Let v = -30 - -83. What are the prime factors of v?
53
Suppose 5*l - 15 = 5. Let p(s) = -s**3 + 5*s**2 - s + 4. Let y be p(l). Let j = -8 + y. What are the prime factors of j?
2
Let z(d) = -6*d**2 - 9 + d**3 - 4*d + d - 2*d**3. List the prime factors of z(-6).
3
Suppose 17 = q - 5*x, 0 = -x - 1 + 6. Suppose 0 = -j - 11 + q. List the prime factors of j.
31
Let m(d) = d**3 + 2*d**2 - 3*d - 1. Let q be m(-3). Let i = 7 + q. List the prime factors of i.
2, 3
Let k(c) = -3 + 6*c - 2 + 5. What are the prime factors of k(1)?
2, 3
Suppose 0 = 9*z - 7*z - 156. What are the prime factors of z?
2, 3, 13
Let z be 8/(-3)*(-315)/14. Suppose -6*r + z = -r. Suppose p = -3*s - s + r, -2*p = 3*s - 4. List the prime factors of s.
2
Suppose 0 = -4*x - 0*x + 64. What are the prime factors of x?
2
Suppose -12 + 1 = 4*f + 3*d, -7 = 5*f - 3*d. Let r be (-6)/3 - f - -2. Suppose j + 13 = 2*g, j = -g - r*g + 7. List the prime factors of g.
2
Let x(i) = 16*i**3 + i**2. Let t be x(1). Let v = t + 0. What are the prime factors of v?
17
Let x(b) = -b**3 + 6*b**2 + 2*b. List the prime factors of x(6).
2, 3
Suppose 7*q - 4*q = 5*f - 342, 0 = 5*q - 5. What are the prime factors of f?
3, 23
Suppose -3 = 5*k - 18. Suppose 46 = k*l - 20. What are the prime factors of l?
2, 11
Let r(t) = t**2 + 6*t - 7. Let b be r(-7). Let z(j) = -j**2 - 3. Let d be z(b). Let n = 6 + d. What are the prime factors of n?
3
Suppose 2*b + 0 = 2. Suppose q = -5*m + 34, m - q - 1 = 7. Suppose 0 = -z + m - b. What are the prime factors of z?
2, 3
Let r(f) = f**2 - 19*f + 32. List the prime factors of r(21).
2, 37
Let t = 321 + -151. What are the prime factors of t?
2, 5, 17
Let q(k) = -k**3 + 10*k**2 + 14*k + 21. What are the prime factors of q(10)?
7, 23
Let c = -28 + 39. Suppose -2 - c = -l. What are the prime factors of l?
13
Suppose 0 = -3*v + 562 - 196. Suppose 0 = -w + 5*b + 46 - 12, -3*w + v = -5*b. What are the prime factors of w?
2, 11
Let z(a) = -36*a + 4. Let f(u) = 12*u - 1. Let w(r) = -11*f(r) - 4*z(r). What are the prime factors of w(3)?
31
Let n = 31 - -22. List the prime factors of n.
53
Let l(u) be the third derivative of u**5/60 + 5*u**4/24 - u**3/6 - 2*u**2. List the prime factors of l(-7).
13
Let u(x) = 7*x - 3. Let p be u(6). Suppose -v - 2*v - 2*f + 24 = 0, 5*f = -4*v + p. Suppose 4*r = 14 - v. What are the prime factors of r?
2
Suppose 92 = 4*s + z, -4*s - 7*z + 92 = -2*z. What are the prime factors of s?
23
Suppose 3*t - 1 = x - t, -3*x = -4*t - 21. What are the prime factors of x?
11
Let c(r) = 25*r + 3. List the prime factors of c(2).
53
Suppose -2*p = -3*u - 2*u - 19, u - 13 = -p. What are the prime factors of p/10*60/24?
3
Let t = 0 - 0. Suppose 0*u = -2*d - 4*u + 10, t = -5*d - 2*u + 17. What are the prime factors of d?
3
Let v(s) = 3*s**3 - s**2 + 2*s - 1. Let o be v(1). Suppose 0 = q + o*q - 88. List the prime factors of q.
2, 11
Let v(q) = 4*q**2 - 2*q + 2. Let b be v(2). Suppose 2*i + b = 4*i. What are the prime factors of i?
7
Let o = 32 + -36. Let h(v) = 2*v**3 - v**3 + 5*v**2 + 3 + 1 + 4*v. List the prime factors of h(o).
2
Suppose 2097 = -5*z + 14*z. List the prime factors of z.
233
List the prime factors of 5240/90 - (-1)/(9/(-2)).
2, 29
Let r(i) = -i**2 + 18*i + 24. Let n be r(19). Suppose 0 = 4*d + 8, -2*t = -0*t - 2*d - 18. Let w = t - n. What are the prime factors of w?
2
Suppose -i - 7 = -d - 0*d, -5*i - 30 = -4*d. List the prime factors of (-3)/i*248/12.
31
What are the prime factors of ((-14)/63 + 11/9)*41?
41
Suppose -62*k = -58*k - 748. What are the prime factors of k?
11, 17
Suppose -3*z = 2*x - 15, 5*z + 2*x - 5 = 4*z. Suppose -1 = z*g - 4*g, 4*r + 3*g = 33. What are the prime factors of r?
3
Suppose -4*p = -3*p. Let m = 7 - p. Suppose a - 3*q - 21 = 0, 2*a = m*a + 3*q - 87. List the prime factors of a.
2, 3
Suppose -2 = -3*w + 7. Suppose u = w*u - 58. What are the prime factors of u?
29
Let w = -98 + 190. What are the prime factors of w?
2, 23
Suppose -14*b + 2284 = 72. List the prime factors of b.
2, 79
Let y be 4/2 - (-18)/1. Suppose -4*w + y = -0*w. List the prime factors of w.
5
Let i = 36 + -23. Suppose -4*p - i + 57 = 0. Let a(y) = y - 1. List the prime factors of a(p).
2, 5
What are the prime factors of (2 - (-3)/(-2))/(7/784)?
2, 7
Let p(y) = -y**2 + 12*y - 4. Suppose -4*d - 3*h + 29 = 0, 53 = 3*d - 6*h + 2*h. Let q be p(d). Suppose -5*a = -q*a + 18. List the prime factors of a.
3
Let k(r) = -227*r - 4. What are the prime factors of k(-1)?
223
Let i be (2 - -1)/(-3)*-17. Let g = -4 + i. List the prime factors of g.
13
Let k(i) be the first derivative of i**3 + i**2/2 - i - 1. Let o be k(1). Suppose -3*t + 24 = -o. What are the prime factors of t?
3
Suppose 2*v + n = 3*v + 7, 2*v + n = 1. Let z = v + 4. Suppose z*q - 20 = 8. What are the prime factors of q?
2, 7
Suppose -4*q + v + 13 = 0, 10 = 4*v - 6*v. What are the prime factors of q?
2
Suppose 4 = -4*f + 4*h, -2*f - f + 2*h = 6. Let o = -30 - -57. List the prime factors of (f/(-3))/(6/o).
2, 3
What are the prime factors of 0 + 9*(-3)/((-9)/37)?
3, 37
Let t = -1 - -30. List the prime factors of t.
29
Suppose 5*d + 4*z - 20 = 0, 4*d - 3*z - 2*z = 16. Suppose d*r + 9*w = 4*w + 85, 78 = 3*r - w. Let l = r + -11. What are the prime factors of l?
2, 7
Let g(k) = -k. Let v be g(3). Let t(u) = -u. Let j be t(v). Let n = -1 + j. What are the prime factors of n?
2
Let g(z) = z**2 - 6*z - 7. Let n be g(7). Let f(v) = v**2. Let p be f(n). Let w = 2 + p. What are the prime factors of w?
2
Suppose -x = -i + 4*x - 20, 4*i + 2*x - 8 = 0. Suppose -3*g = -i*g - 57. List the prime factors of g.
19
Suppose -3*j - c - c + 88 = 0, 2*j - c - 61 = 0. Let p = j - 20. What are the prime factors of p?
2, 5
Let j = -5 + 9. Suppose j = -0*s + 2*s. What are the prime factors of s?
2
Let u(r) = r**3 + 7*r**2 - 7*r + 7. Let d be u(-8). Let m = d + 4. List the prime factors of 6 + (-1 + 2 - m).
2
Let f = -151 - -284. What are the prime factors of f?
7, 19
Let g(y) = -3*y + 5. Let x be g(4). Let d(o) = o**3 + 7*o**2 - 2*o - 8. Let u be d(x). What are the prime factors of 18/(-1)*(-4)/u?
2, 3
Let a(w) = 3*w + 6. Let g(u) = 2*u + 5. Let h(d) = -3*a(d) + 4*g(d). List the prime factors of h(-11).
13
Let h(y) = 9*y**2 + 5*y + 3. What are the prime factors of h(-1)?
7
Let b(z) = -z**3 - 6*z**2 - 8*z - 4. Let w be b(-6). Suppose d - 5*d = -5*i + w, -4*d = -4*i + 36. What are the prime factors of i?
2
Suppose -16 = -5*q + 129. What are the prime factors of q?
29
Suppose 4*c + c + 198 = 2*u, c + 36 = 4*u. Let v = c - -64. List the prime factors of v.
2, 3
Suppose -6 = -4*o + 6. Suppose -4*q + o + 9 = 0. List the prime factors of q.
3
List the prime factors of (-904)/(-18) + 6/(-135)*5.
2, 5
List the prime factors of (-2 - (-23)/4)*44.
3, 5, 11
Suppose -50 + 10 = -5*d. Let p = d + 2. What are the prime factors of p?
2, 5
Let h(t) = 3*t**2 + 2*t - 2. What are the prime factors of h(-2)?
2, 3
Let p be 6/5*(-20)/6. Let g = 3 - p. What are the prime factors of g?
7
Suppose 22 = 5*x - 163. What are the prime factors of x?
37
Let w(a) = 3*a**2 - 2. What are the prime factors of w(4)?
2, 23
Let d be 1 + (0 - 1) - -4. Let t(s) = 0*s**3 + 3*s + 9*s**2 + 4*s**3 + 3*s - 3*s**3 + d. What are the prime factors of t(-8)?
2, 5
Let c be -1 + (1 - -35)/3. Let w = c - -6. Suppose 3*g - 7 = w. List the prime factors of g.
2
Let v(k) = k**3 + 4*k**2 + k + 3. Let c be v(-4). Let z be 18/(-4)*12/c. Suppose -3*n + z = -0*n. What are the prime factors of n?
2, 3
Let z(n) be the first derivative of 9*n**2/2 + 4*n + 3. What are the prime factors of z(6)?
2, 29
Let d be 0*(7/2 + -3). Suppose d*z - 20 = -4*z. What are the prime factors of z?
5
Let x be 18*4 - (2 + -1). Suppose 49 = 5*q - x. Let b = q - 11. List the prime factors of b.
13
Suppose 0 = -10*b + 5*b + 175. Suppose 2 = -3*x + b. What are the prime factors of x?
11
Let c(s) = 2*s**2 - s. What are the prime factors of c(-2)?
2, 5
Suppose 0 = 3*x - 8*x. Suppose j - 6*j + 5 = x. What are the prime factors of 8 - j*(-5 - -3)?
2, 5
Suppose 3*x + 4*m - 112 = 0, 0 = -3*x + 2*x + m + 28. What are the prime factors of x?
2
Let c = 287 + -515. Let o